{"id":2,"date":"2021-01-14T15:08:48","date_gmt":"2021-01-14T15:08:48","guid":{"rendered":"https:\/\/www.communautedes3rivieres.fr\/?page_id=2"},"modified":"2026-03-07T17:17:03","modified_gmt":"2026-03-07T17:17:03","slug":"sample-page","status":"publish","type":"page","link":"https:\/\/www.communautedes3rivieres.fr\/","title":{"rendered":"La Communaut\u00e9"},"content":{"rendered":"\n<h3 class=\"wp-block-heading\" id=\"presentation-generale\"><strong><em>Pr\u00e9sentation g\u00e9n\u00e9rale<\/em><\/strong><\/h3>\n\n\n\n<div class=\"wp-block-columns is-layout-flex wp-container-core-columns-is-layout-9d6595d7 wp-block-columns-is-layout-flex\">\n<div class=\"wp-block-column is-layout-flow wp-block-column-is-layout-flow\" style=\"flex-basis:100%\">\n<div class=\"wp-block-media-text alignwide is-stacked-on-mobile\" style=\"grid-template-columns:30% auto\"><figure class=\"wp-block-media-text__media\"><img loading=\"lazy\" decoding=\"async\" width=\"1024\" height=\"678\" src=\"https:\/\/www.communautedes3rivieres.fr\/wp-content\/uploads\/2021\/11\/bric-1024x678.jpg\" alt=\"\" class=\"wp-image-61 size-full\" srcset=\"https:\/\/www.communautedes3rivieres.fr\/wp-content\/uploads\/2021\/11\/bric-1024x678.jpg 1024w, https:\/\/www.communautedes3rivieres.fr\/wp-content\/uploads\/2021\/11\/bric-300x199.jpg 300w, https:\/\/www.communautedes3rivieres.fr\/wp-content\/uploads\/2021\/11\/bric-768x509.jpg 768w, https:\/\/www.communautedes3rivieres.fr\/wp-content\/uploads\/2021\/11\/bric-1536x1018.jpg 1536w, https:\/\/www.communautedes3rivieres.fr\/wp-content\/uploads\/2021\/11\/bric.jpg 2000w\" sizes=\"auto, (max-width: 1024px) 100vw, 1024px\" \/><\/figure><div class=\"wp-block-media-text__content\">\n<p>La communaut\u00e9 des 3 Rivi\u00e8res est implant\u00e9e au 13 Avenue de la gare, sur la Commune de MARCILLY SUR TILLE, \u00e0 25 Kms au nord de Dijon. Elle doit son nom au Pays des 3 Rivi\u00e8res qui regroupait les cantons d\u2019IS SUR TILLE, SELONGEY et de GRANCEY LE CH\u00c2TEAU. Elle accueille depuis octobre 1994 des hommes et des femmes en difficult\u00e9 sociale.\u00a0Sa capacit\u00e9 d\u2019 accueil est d\u2019une vingtaine d\u2019adultes.\u00a0\n<br \/>L\u2019Association Communautaire des 3 Rivi\u00e8res, r\u00e9gie par la loi du 1er juillet 1901 et le d\u00e9cret du 16 ao\u00fbt, g\u00e8re la Communaut\u00e9. Elle est signataire d&#8217;une convention avec le Conseil D\u00e9partemental et b\u00e9n\u00e9ficie \u00e0 ce titre d&#8217;une subvention annuelle.\n\n\n\n<p><\/p>\n<\/div><\/div>\n\n\n\n<p><br>Elle est adh\u00e9rente \u00e0 l\u2019URIOPSS (Union R\u00e9gionale Interf\u00e9d\u00e9rale des Organismes Priv\u00e9s Sanitaires et Sociaux).  <\/p>\n\n\n\n<div class=\"wp-block-columns is-layout-flex wp-container-core-columns-is-layout-9d6595d7 wp-block-columns-is-layout-flex\">\n<div class=\"wp-block-column is-layout-flow wp-block-column-is-layout-flow\">\n<p>Elle est reconnue d&#8217;int\u00e9r\u00eat g\u00e9n\u00e9ral \u00e0 but humanitaire et social, elle est agr\u00e9\u00e9e ESUS (Entreprise Solidaire d&#8217;Utilit\u00e9 Sociale). Elle se fixe pour objectif d\u2019accueillir des personnes en difficult\u00e9 sociale et de leur donner les moyens de se r\u00e9ins\u00e9rer.<\/p>\n\n\n\n<p>Pour subvenir \u00e0 ses besoins, la Communaut\u00e9 des 3 Rivi\u00e8res collecte, trie et valorise tout ce qu&#8217;elle r\u00e9cup\u00e8re chez les particuliers, dans les collectivit\u00e9s locales lors des ramassages des encombrants et chez les entreprises partenaires.<\/p>\n<\/div>\n<\/div>\n<\/div>\n<\/div>\n\n\n\n<h3 class=\"wp-block-heading\" id=\"services\"><strong><em>Services<\/em><\/strong><\/h3>\n\n\n\n<ul class=\"wp-block-list\">\n<li><strong>Enl\u00e8vements \u00e0 domicile :<\/strong><\/li>\n<\/ul>\n\n\n\n<p>Si vous avez besoin d&#8217;effectuer un d\u00e9barras (v\u00eatements, vaisselle, jouets, meubles, \u00e9lectrom\u00e9nager, ferraille, cartons, etc.), n&#8217;h\u00e9sitez pas \u00e0 nous contacter.<\/p>\n\n\n\n<div class=\"wp-block-media-text alignwide is-stacked-on-mobile\" style=\"grid-template-columns:21% auto\"><figure class=\"wp-block-media-text__media\"><img loading=\"lazy\" decoding=\"async\" width=\"614\" height=\"449\" src=\"https:\/\/www.communautedes3rivieres.fr\/wp-content\/uploads\/2021\/12\/isuzu-empirol.jpg\" alt=\"\" class=\"wp-image-353 size-full\" srcset=\"https:\/\/www.communautedes3rivieres.fr\/wp-content\/uploads\/2021\/12\/isuzu-empirol.jpg 614w, https:\/\/www.communautedes3rivieres.fr\/wp-content\/uploads\/2021\/12\/isuzu-empirol-300x219.jpg 300w\" sizes=\"auto, (max-width: 614px) 100vw, 614px\" \/><\/figure><div class=\"wp-block-media-text__content\">\n<div id=\"benne\"><ul><li><strong>Location de benne :<\/strong><\/li><\/ul><\/div>\n\n\n\n<p>Pour enlever vos v\u00e9g\u00e9taux ou vos gravats, nous pouvons mettre \u00e0 votre disposition des bennes faciles \u00e0 charger car elles se posent au sol et permettent par exemple l&#8217;acc\u00e8s direct avec une brouette. Tarif : <strong>50 \u20ac<\/strong> par benne.<\/p>\n\n\n\n<p><strong>Contactez nous au 03 80 95 27 37<\/strong>, nous fixerons ensemble un rendez-vous.<\/p>\n<\/div><\/div>\n\n\n\n<p><\/p>\n\n\n\n<h2 class=\"wp-block-heading\"><\/h2>\n\n\n\n<h2 class=\"wp-block-heading\"><\/h2>\n","protected":false},"excerpt":{"rendered":"<p>Pr\u00e9sentation g\u00e9n\u00e9rale La communaut\u00e9 des 3 Rivi\u00e8res est implant\u00e9e au 13 Avenue de la gare, sur la Commune de MARCILLY SUR TILLE, \u00e0 25 Kms&hellip;<\/p>\n","protected":false},"author":2,"featured_media":61,"parent":0,"menu_order":0,"comment_status":"closed","ping_status":"open","template":"","meta":{"footnotes":""},"class_list":["post-2","page","type-page","status-publish","has-post-thumbnail","hentry"],"yoast_head":"<!-- This site is optimized with the Yoast SEO plugin v27.2 - https:\/\/yoast.com\/product\/yoast-seo-wordpress\/ -->\n<title>La Communaut\u00e9 - La Communaut\u00e9 des 3 Rivi\u00e8res<\/title>\n<meta name=\"robots\" content=\"index, follow, max-snippet:-1, max-image-preview:large, max-video-preview:-1\" \/>\n<link rel=\"canonical\" href=\"https:\/\/www.communautedes3rivieres.fr\/\" \/>\n<meta property=\"og:locale\" content=\"fr_FR\" \/>\n<meta property=\"og:type\" content=\"article\" \/>\n<meta property=\"og:title\" content=\"La Communaut\u00e9 - La Communaut\u00e9 des 3 Rivi\u00e8res\" \/>\n<meta property=\"og:description\" content=\"Pr\u00e9sentation g\u00e9n\u00e9rale La communaut\u00e9 des 3 Rivi\u00e8res est implant\u00e9e au 13 Avenue de la gare, sur la Commune de MARCILLY SUR TILLE, \u00e0 25 Kms&hellip;\" \/>\n<meta property=\"og:url\" content=\"https:\/\/www.communautedes3rivieres.fr\/\" \/>\n<meta property=\"og:site_name\" content=\"La Communaut\u00e9 des 3 Rivi\u00e8res\" \/>\n<meta property=\"article:modified_time\" content=\"2026-03-07T17:17:03+00:00\" \/>\n<meta property=\"og:image\" content=\"https:\/\/www.communautedes3rivieres.fr\/wp-content\/uploads\/2021\/11\/bric-1024x678.jpg\" \/>\n\t<meta property=\"og:image:width\" content=\"1024\" \/>\n\t<meta property=\"og:image:height\" content=\"678\" \/>\n\t<meta property=\"og:image:type\" content=\"image\/jpeg\" \/>\n<meta name=\"twitter:card\" content=\"summary_large_image\" \/>\n<meta name=\"twitter:label1\" content=\"Dur\u00e9e de lecture estim\u00e9e\" \/>\n\t<meta name=\"twitter:data1\" content=\"2 minutes\" \/>\n<script type=\"application\/ld+json\" class=\"yoast-schema-graph\">{\"@context\":\"https:\/\/schema.org\",\"@graph\":[{\"@type\":\"WebPage\",\"@id\":\"https:\/\/www.communautedes3rivieres.fr\/\",\"url\":\"https:\/\/www.communautedes3rivieres.fr\/\",\"name\":\"La Communaut\u00e9 - La Communaut\u00e9 des 3 Rivi\u00e8res\",\"isPartOf\":{\"@id\":\"https:\/\/www.communautedes3rivieres.fr\/#website\"},\"primaryImageOfPage\":{\"@id\":\"https:\/\/www.communautedes3rivieres.fr\/#primaryimage\"},\"image\":{\"@id\":\"https:\/\/www.communautedes3rivieres.fr\/#primaryimage\"},\"thumbnailUrl\":\"https:\/\/www.communautedes3rivieres.fr\/wp-content\/uploads\/2021\/11\/bric.jpg\",\"datePublished\":\"2021-01-14T15:08:48+00:00\",\"dateModified\":\"2026-03-07T17:17:03+00:00\",\"breadcrumb\":{\"@id\":\"https:\/\/www.communautedes3rivieres.fr\/#breadcrumb\"},\"inLanguage\":\"fr-FR\",\"potentialAction\":[{\"@type\":\"ReadAction\",\"target\":[\"https:\/\/www.communautedes3rivieres.fr\/\"]}]},{\"@type\":\"ImageObject\",\"inLanguage\":\"fr-FR\",\"@id\":\"https:\/\/www.communautedes3rivieres.fr\/#primaryimage\",\"url\":\"https:\/\/www.communautedes3rivieres.fr\/wp-content\/uploads\/2021\/11\/bric.jpg\",\"contentUrl\":\"https:\/\/www.communautedes3rivieres.fr\/wp-content\/uploads\/2021\/11\/bric.jpg\",\"width\":2000,\"height\":1325},{\"@type\":\"BreadcrumbList\",\"@id\":\"https:\/\/www.communautedes3rivieres.fr\/#breadcrumb\",\"itemListElement\":[{\"@type\":\"ListItem\",\"position\":1,\"name\":\"La Communaut\u00e9\",\"item\":\"https:\/\/www.communautedes3rivieres.fr\/\"},{\"@type\":\"ListItem\",\"position\":2,\"name\":\"La Communaut\u00e9\"}]},{\"@type\":\"WebSite\",\"@id\":\"https:\/\/www.communautedes3rivieres.fr\/#website\",\"url\":\"https:\/\/www.communautedes3rivieres.fr\/\",\"name\":\"La Communaut\u00e9 des 3 Rivi\u00e8res\",\"description\":\"Le site de la Communaut\u00e9\",\"publisher\":{\"@id\":\"https:\/\/www.communautedes3rivieres.fr\/#organization\"},\"potentialAction\":[{\"@type\":\"SearchAction\",\"target\":{\"@type\":\"EntryPoint\",\"urlTemplate\":\"https:\/\/www.communautedes3rivieres.fr\/?s={search_term_string}\"},\"query-input\":{\"@type\":\"PropertyValueSpecification\",\"valueRequired\":true,\"valueName\":\"search_term_string\"}}],\"inLanguage\":\"fr-FR\"},{\"@type\":\"Organization\",\"@id\":\"https:\/\/www.communautedes3rivieres.fr\/#organization\",\"name\":\"Communaut\u00e9 des 3 Rivi\u00e8res\",\"url\":\"https:\/\/www.communautedes3rivieres.fr\/\",\"logo\":{\"@type\":\"ImageObject\",\"inLanguage\":\"fr-FR\",\"@id\":\"https:\/\/www.communautedes3rivieres.fr\/#\/schema\/logo\/image\/\",\"url\":\"https:\/\/www.communautedes3rivieres.fr\/wp-content\/uploads\/2021\/11\/cropped-logo300x211gros-3-1.png\",\"contentUrl\":\"https:\/\/www.communautedes3rivieres.fr\/wp-content\/uploads\/2021\/11\/cropped-logo300x211gros-3-1.png\",\"width\":330,\"height\":187,\"caption\":\"Communaut\u00e9 des 3 Rivi\u00e8res\"},\"image\":{\"@id\":\"https:\/\/www.communautedes3rivieres.fr\/#\/schema\/logo\/image\/\"}}]}<\/script>\n<!-- \/ Yoast SEO plugin. -->","yoast_head_json":{"title":"La Communaut\u00e9 - La Communaut\u00e9 des 3 Rivi\u00e8res","robots":{"index":"index","follow":"follow","max-snippet":"max-snippet:-1","max-image-preview":"max-image-preview:large","max-video-preview":"max-video-preview:-1"},"canonical":"https:\/\/www.communautedes3rivieres.fr\/","og_locale":"fr_FR","og_type":"article","og_title":"La Communaut\u00e9 - La Communaut\u00e9 des 3 Rivi\u00e8res","og_description":"Pr\u00e9sentation g\u00e9n\u00e9rale La communaut\u00e9 des 3 Rivi\u00e8res est implant\u00e9e au 13 Avenue de la gare, sur la Commune de MARCILLY SUR TILLE, \u00e0 25 Kms&hellip;","og_url":"https:\/\/www.communautedes3rivieres.fr\/","og_site_name":"La Communaut\u00e9 des 3 Rivi\u00e8res","article_modified_time":"2026-03-07T17:17:03+00:00","og_image":[{"width":1024,"height":678,"url":"https:\/\/www.communautedes3rivieres.fr\/wp-content\/uploads\/2021\/11\/bric-1024x678.jpg","type":"image\/jpeg"}],"twitter_card":"summary_large_image","twitter_misc":{"Dur\u00e9e de lecture estim\u00e9e":"2 minutes"},"schema":{"@context":"https:\/\/schema.org","@graph":[{"@type":"WebPage","@id":"https:\/\/www.communautedes3rivieres.fr\/","url":"https:\/\/www.communautedes3rivieres.fr\/","name":"La Communaut\u00e9 - La Communaut\u00e9 des 3 Rivi\u00e8res","isPartOf":{"@id":"https:\/\/www.communautedes3rivieres.fr\/#website"},"primaryImageOfPage":{"@id":"https:\/\/www.communautedes3rivieres.fr\/#primaryimage"},"image":{"@id":"https:\/\/www.communautedes3rivieres.fr\/#primaryimage"},"thumbnailUrl":"https:\/\/www.communautedes3rivieres.fr\/wp-content\/uploads\/2021\/11\/bric.jpg","datePublished":"2021-01-14T15:08:48+00:00","dateModified":"2026-03-07T17:17:03+00:00","breadcrumb":{"@id":"https:\/\/www.communautedes3rivieres.fr\/#breadcrumb"},"inLanguage":"fr-FR","potentialAction":[{"@type":"ReadAction","target":["https:\/\/www.communautedes3rivieres.fr\/"]}]},{"@type":"ImageObject","inLanguage":"fr-FR","@id":"https:\/\/www.communautedes3rivieres.fr\/#primaryimage","url":"https:\/\/www.communautedes3rivieres.fr\/wp-content\/uploads\/2021\/11\/bric.jpg","contentUrl":"https:\/\/www.communautedes3rivieres.fr\/wp-content\/uploads\/2021\/11\/bric.jpg","width":2000,"height":1325},{"@type":"BreadcrumbList","@id":"https:\/\/www.communautedes3rivieres.fr\/#breadcrumb","itemListElement":[{"@type":"ListItem","position":1,"name":"La Communaut\u00e9","item":"https:\/\/www.communautedes3rivieres.fr\/"},{"@type":"ListItem","position":2,"name":"La Communaut\u00e9"}]},{"@type":"WebSite","@id":"https:\/\/www.communautedes3rivieres.fr\/#website","url":"https:\/\/www.communautedes3rivieres.fr\/","name":"La Communaut\u00e9 des 3 Rivi\u00e8res","description":"Le site de la Communaut\u00e9","publisher":{"@id":"https:\/\/www.communautedes3rivieres.fr\/#organization"},"potentialAction":[{"@type":"SearchAction","target":{"@type":"EntryPoint","urlTemplate":"https:\/\/www.communautedes3rivieres.fr\/?s={search_term_string}"},"query-input":{"@type":"PropertyValueSpecification","valueRequired":true,"valueName":"search_term_string"}}],"inLanguage":"fr-FR"},{"@type":"Organization","@id":"https:\/\/www.communautedes3rivieres.fr\/#organization","name":"Communaut\u00e9 des 3 Rivi\u00e8res","url":"https:\/\/www.communautedes3rivieres.fr\/","logo":{"@type":"ImageObject","inLanguage":"fr-FR","@id":"https:\/\/www.communautedes3rivieres.fr\/#\/schema\/logo\/image\/","url":"https:\/\/www.communautedes3rivieres.fr\/wp-content\/uploads\/2021\/11\/cropped-logo300x211gros-3-1.png","contentUrl":"https:\/\/www.communautedes3rivieres.fr\/wp-content\/uploads\/2021\/11\/cropped-logo300x211gros-3-1.png","width":330,"height":187,"caption":"Communaut\u00e9 des 3 Rivi\u00e8res"},"image":{"@id":"https:\/\/www.communautedes3rivieres.fr\/#\/schema\/logo\/image\/"}}]}},"_links":{"self":[{"href":"https:\/\/www.communautedes3rivieres.fr\/index.php?rest_route=\/wp\/v2\/pages\/2","targetHints":{"allow":["GET"]}}],"collection":[{"href":"https:\/\/www.communautedes3rivieres.fr\/index.php?rest_route=\/wp\/v2\/pages"}],"about":[{"href":"https:\/\/www.communautedes3rivieres.fr\/index.php?rest_route=\/wp\/v2\/types\/page"}],"author":[{"embeddable":true,"href":"https:\/\/www.communautedes3rivieres.fr\/index.php?rest_route=\/wp\/v2\/users\/2"}],"replies":[{"embeddable":true,"href":"https:\/\/www.communautedes3rivieres.fr\/index.php?rest_route=%2Fwp%2Fv2%2Fcomments&post=2"}],"version-history":[{"count":36,"href":"https:\/\/www.communautedes3rivieres.fr\/index.php?rest_route=\/wp\/v2\/pages\/2\/revisions"}],"predecessor-version":[{"id":788,"href":"https:\/\/www.communautedes3rivieres.fr\/index.php?rest_route=\/wp\/v2\/pages\/2\/revisions\/788"}],"wp:featuredmedia":[{"embeddable":true,"href":"https:\/\/www.communautedes3rivieres.fr\/index.php?rest_route=\/wp\/v2\/media\/61"}],"wp:attachment":[{"href":"https:\/\/www.communautedes3rivieres.fr\/index.php?rest_route=%2Fwp%2Fv2%2Fmedia&parent=2"}],"curies":[{"name":"wp","href":"https:\/\/api.w.org\/{rel}","templated":true}]}}